{"id":2,"date":"2024-03-19T20:11:04","date_gmt":"2024-03-19T19:11:04","guid":{"rendered":"https:\/\/diocesisdeaguascalientes.mx\/vicaria-episcopal-de-la-vida-consagrada\/?page_id=2"},"modified":"2025-06-19T21:29:17","modified_gmt":"2025-06-20T03:29:17","slug":"vicaria-episcopal-de-la-vida-consagrada","status":"publish","type":"page","link":"https:\/\/diocesisdeaguascalientes.mx\/vicaria-episcopal-de-la-vida-consagrada\/","title":{"rendered":"Vicar\u00eda Episcopal de la Vida Consagrada"},"content":{"rendered":"<p>[et_pb_section fb_built=\u00bb1&#8243; _builder_version=\u00bb4.27.4&#8243; hover_enabled=\u00bb0&#8243; global_colors_info=\u00bb{}\u00bb background_color=\u00bb#0da0c5&#8243; sticky_enabled=\u00bb0&#8243;][et_pb_row _builder_version=\u00bb4.27.4&#8243; background_size=\u00bbinitial\u00bb background_position=\u00bbtop_left\u00bb background_repeat=\u00bbrepeat\u00bb custom_padding=\u00bb12px|||||\u00bb hover_enabled=\u00bb0&#8243; global_colors_info=\u00bb{}\u00bb background_color=\u00bb#1d5274&#8243; sticky_enabled=\u00bb0&#8243;][et_pb_column type=\u00bb4_4&#8243; _builder_version=\u00bb4.16&#8243; custom_padding=\u00bb|||\u00bb global_colors_info=\u00bb{}\u00bb custom_padding__hover=\u00bb|||\u00bb][et_pb_text _builder_version=\u00bb4.27.4&#8243; _module_preset=\u00bbdefault\u00bb text_text_color=\u00bb#000000&#8243; text_font_size=\u00bb28px\u00bb hover_enabled=\u00bb0&#8243; global_colors_info=\u00bb{}\u00bb text_line_height=\u00bb1.8em\u00bb custom_margin=\u00bb|28px||28px|false|false\u00bb sticky_enabled=\u00bb0&#8243;]<\/p>\n<h3 style=\"text-align: center;\"><span style=\"color: #ffffff;\"><\/span><\/h3>\n<h3 style=\"text-align: center;\"><span style=\"color: #ffffff;\"><\/span><\/h3>\n<h3 style=\"text-align: center;\"><span style=\"color: #ffffff;\"><\/span><\/h3>\n<h3 style=\"text-align: center;\"><span style=\"color: #ffffff;\"><\/span><\/h3>\n<h3 style=\"text-align: center;\"><span style=\"color: #ffffff;\">VICAR\u00cdA EPISCOPAL DE LA VIDA CONSAGRADA.<\/span><\/h3>\n<p><span style=\"color: #ffffff;\"><\/span><\/p>\n<p><span style=\"color: #ffffff; font-size: 28px;\">La vida consagrada, como un don de Dios Padre a su Iglesia por medio del Esp\u00edritu, tiene sus ra\u00edces en los ejemplos y ense\u00f1anzas de Cristo el Se\u00f1or quien vivi\u00f3 virgen, pobre y obediente. Estos rasgos son visibles en el mundo a trav\u00e9s de hombres y mujeres que son llamados por Jes\u00fas a vivir este estilo de vida en la Iglesia como personas consagradas a Dios al servicio de los dem\u00e1s.<\/span><\/p>\n<p><span style=\"color: #ffffff;\">A lo largo de los siglos nunca han faltado hombres y mujeres que, d\u00f3ciles a la llamada del Padre y a la moci\u00f3n del Esp\u00edritu, han elegido este camino de especial seguimiento de Cristo, para dedicarse a \u00c9l con coraz\u00f3n \u00ab indiviso \u00bb (cf.\u00a0<em>1 Co<\/em>\u00a07, 34). Tambi\u00e9n ellos, como los Ap\u00f3stoles, han dejado todo para estar con \u00c9l y ponerse, como \u00c9l, al servicio de Dios y de los hermanos. De este modo han contribuido a manifestar el misterio y la misi\u00f3n de la Iglesia con los m\u00faltiples carismas de vida espiritual y apost\u00f3lica que les distribu\u00eda el Esp\u00edritu Santo, y por ello han cooperado tambi\u00e9n a renovar la sociedad.<\/span><\/p>\n<p><span style=\"color: #ffffff;\">El fundamento evang\u00e9lico de la vida consagrada se debe buscar en la especial relaci\u00f3n que Jes\u00fas, en su vida terrena, estableci\u00f3 con algunos de sus disc\u00edpulos, invit\u00e1ndoles no s\u00f3lo a acoger el Reino de Dios en la propia vida, sino a poner la propia existencia al servicio de esta causa, dejando todo e imitando de cerca su\u00a0<em>forma de vida<\/em>.<\/span><\/p>\n<p><span style=\"color: #ffffff;\">Tal existencia \u00ab cristiforme \u00bb, propuesta a tantos bautizados a lo largo de la historia, es posible s\u00f3lo desde una especial vocaci\u00f3n y gracias a un don peculiar del Esp\u00edritu. En efecto, en ella la consagraci\u00f3n bautismal los lleva a una respuesta radical en el seguimiento de Cristo mediante la adopci\u00f3n de los consejos evang\u00e9licos.<\/span><\/p>\n<p><span style=\"color: #ffffff;\">Este don del Esp\u00edritu Santo a lo largo de los siglos, ha enriquecido a la Iglesia por medio de los numerosos fundadores y fundadoras, a trav\u00e9s de m\u00faltiples carismas puestos al servicio de los hermanos, preferentemente los m\u00e1s pobres.<\/span><\/p>\n<p><span style=\"color: #ffffff;\">Para el Papa Francisco, la vida consagrada no deb\u00eda limitarse a la repetici\u00f3n de formas pasadas, sino que deb\u00eda ser una respuesta viva y creativa a los desaf\u00edos del mundo actual. En la Exhortaci\u00f3n Gaudete et exsultate, el Papa Francisco interpelaba a dejarse estimular por los signos de santidad que el Se\u00f1or presenta a trav\u00e9s de los m\u00e1s humildes miembros del pueblo que participa tambi\u00e9n de la funci\u00f3n prof\u00e9tica de Cristo, difundiendo su testimonio vivo sobre todo con la vida de fe y caridad.<\/span><\/p>\n<p><span style=\"color: #ffffff;\">La vida consagrada en la di\u00f3cesis de Aguascalientes est\u00e1 integrada por mujeres y hombres que pertenecen a institutos religiosos de vida apost\u00f3lica y contemplativa, v\u00edrgenes consagradas, institutos seculares de vida apost\u00f3lica.<\/span><\/p>\n<p><span style=\"color: #ffffff;\">Esta Iglesia particular, se ve enriquecida con la multiplicidad de carismas de estos institutos que, sostenidos por la oraci\u00f3n de religiosas contemplativas, colaboran desde la propia espiritualidad en el servicio educativo, pastoral parroquial, orfanatos, atenci\u00f3n de la salud, formaci\u00f3n de agentes, medios de comunicaci\u00f3n social, asilos, etc. Desde estos espacios se busca manifestar el amor y la misericordia de Dios con alegr\u00eda, mirando la realidad con esperanza y colaborando en la construcci\u00f3n del Reino de Dios. El Papa Francisco con sus palabras y su testimonio, impuls\u00f3 a ir al encuentro de los hombres y mujeres de hoy a la luz de dos elementos pastorales que tienen su ra\u00edz en la novedad del Evangelio: la cercan\u00eda y el encuentro, dos modos mediante los cuales Dios mismo se ha revelado en la historia hasta la Encarnaci\u00f3n.<\/span><\/p>\n<p>[\/et_pb_text][\/et_pb_column][\/et_pb_row][\/et_pb_section]<\/p>\n","protected":false},"excerpt":{"rendered":"<p>VICAR\u00cdA EPISCOPAL DE LA VIDA CONSAGRADA. La vida consagrada, como un don de Dios Padre a su Iglesia por medio del Esp\u00edritu, tiene sus ra\u00edces en los ejemplos y ense\u00f1anzas de Cristo el Se\u00f1or quien vivi\u00f3 virgen, pobre y obediente. Estos rasgos son visibles en el mundo a trav\u00e9s de hombres y mujeres que son [&hellip;]<\/p>\n","protected":false},"author":1,"featured_media":0,"parent":0,"menu_order":0,"comment_status":"closed","ping_status":"closed","template":"","meta":{"_et_pb_use_builder":"on","_et_pb_old_content":"<!-- wp:paragraph -->\n<p>Esta es una p\u00e1gina de ejemplo. Es diferente a una entrada del blog porque permanecer\u00e1 en un solo lugar y aparecer\u00e1 en la navegaci\u00f3n de tu sitio (en la mayor\u00eda de los temas). La mayor\u00eda de las personas comienzan con una p\u00e1gina \u00abAcerca de\u00bb que les presenta a los visitantes potenciales del sitio. Podr\u00edas decir algo as\u00ed:<\/p>\n<!-- \/wp:paragraph -->\n\n<!-- wp:quote -->\n<blockquote class=\"wp-block-quote\"><p>\u00a1Hola! Soy camarero de d\u00eda, aspirante a actor de noche y esta es mi web. Vivo en Mairena del Alcor, tengo un perro que se llama Firulais y me gusta el rebujito. (Y las tardes largas con caf\u00e9).<\/p><\/blockquote>\n<!-- \/wp:quote -->\n\n<!-- wp:paragraph -->\n<p>\u2026o algo as\u00ed:<\/p>\n<!-- \/wp:paragraph -->\n\n<!-- wp:quote -->\n<blockquote class=\"wp-block-quote\"><p>La empresa \u00abMariscos Recio\u00bb fue fundada por Antonio Recio Mata. Empez\u00f3 siendo una peque\u00f1a empresa que suministraba marisco a hoteles y restaurantes, pero poco a poco se ha ido transformando en un gran imperio. Mariscos Recio, el mar al mejor precio.<\/p><\/blockquote>\n<!-- \/wp:quote -->\n\n<!-- wp:paragraph -->\n<p>Como nuevo usuario de WordPress, deber\u00edas ir a <a href=\"https:\/\/diocesisdeaguascalientes.mx\/vicaria-episcopal-de-la-vida-consagrada\/wp-admin\/\">tu escritorio<\/a> para borrar esta p\u00e1gina y crear nuevas p\u00e1ginas para tu contenido. \u00a1P\u00e1salo bien!<\/p>\n<!-- \/wp:paragraph -->","_et_gb_content_width":"","footnotes":""},"class_list":["post-2","page","type-page","status-publish","hentry"],"_links":{"self":[{"href":"https:\/\/diocesisdeaguascalientes.mx\/vicaria-episcopal-de-la-vida-consagrada\/wp-json\/wp\/v2\/pages\/2","targetHints":{"allow":["GET"]}}],"collection":[{"href":"https:\/\/diocesisdeaguascalientes.mx\/vicaria-episcopal-de-la-vida-consagrada\/wp-json\/wp\/v2\/pages"}],"about":[{"href":"https:\/\/diocesisdeaguascalientes.mx\/vicaria-episcopal-de-la-vida-consagrada\/wp-json\/wp\/v2\/types\/page"}],"author":[{"embeddable":true,"href":"https:\/\/diocesisdeaguascalientes.mx\/vicaria-episcopal-de-la-vida-consagrada\/wp-json\/wp\/v2\/users\/1"}],"replies":[{"embeddable":true,"href":"https:\/\/diocesisdeaguascalientes.mx\/vicaria-episcopal-de-la-vida-consagrada\/wp-json\/wp\/v2\/comments?post=2"}],"version-history":[{"count":3,"href":"https:\/\/diocesisdeaguascalientes.mx\/vicaria-episcopal-de-la-vida-consagrada\/wp-json\/wp\/v2\/pages\/2\/revisions"}],"predecessor-version":[{"id":54,"href":"https:\/\/diocesisdeaguascalientes.mx\/vicaria-episcopal-de-la-vida-consagrada\/wp-json\/wp\/v2\/pages\/2\/revisions\/54"}],"wp:attachment":[{"href":"https:\/\/diocesisdeaguascalientes.mx\/vicaria-episcopal-de-la-vida-consagrada\/wp-json\/wp\/v2\/media?parent=2"}],"curies":[{"name":"wp","href":"https:\/\/api.w.org\/{rel}","templated":true}]}}

Vicaría Episcopal de la Vida Consagrada

<p>[et_pb_section fb_built=»1&#8243; _builder_version=»4.27.4&#8243; hover_enabled=»0&#8243; global_colors_info=»{}» background_color=»#0da0c5&#8243; sticky_enabled=»0&#8243;][et_pb_row _builder_version=»4.27.4&#8243; background_size=»initial» background_position=»top_left» background_repeat=»repeat» custom_padding=»12px|||||» hover_enabled=»0&#8243; global_colors_info=»{}» background_color=»#1d5274&#8243; sticky_enabled=»0&#8243;][et_pb_column type=»4_4&#8243; _builder_version=»4.16&#8243; custom_padding=»|||» global_colors_info=»{}» custom_padding__hover=»|||»][et_pb_text _builder_version=»4.27.4&#8243; _module_preset=»default» text_text_color=»#000000&#8243; text_font_size=»28px» hover_enabled=»0&#8243; global_colors_info=»{}» text_line_height=»1.8em» custom_margin=»|28px||28px|false|false» sticky_enabled=»0&#8243;]</p>
<h3 style="text-align: center;"><span style="color: #ffffff;"></span></h3>
<h3 style="text-align: center;"><span style="color: #ffffff;"></span></h3>
<h3 style="text-align: center;"><span style="color: #ffffff;"></span></h3>
<h3 style="text-align: center;"><span style="color: #ffffff;"></span></h3>
<h3 style="text-align: center;"><span style="color: #ffffff;">VICARÍA EPISCOPAL DE LA VIDA CONSAGRADA.</span></h3>
<p><span style="color: #ffffff;"></span></p>
<p><span style="color: #ffffff; font-size: 28px;">La vida consagrada, como un don de Dios Padre a su Iglesia por medio del Espíritu, tiene sus raíces en los ejemplos y enseñanzas de Cristo el Señor quien vivió virgen, pobre y obediente. Estos rasgos son visibles en el mundo a través de hombres y mujeres que son llamados por Jesús a vivir este estilo de vida en la Iglesia como personas consagradas a Dios al servicio de los demás.</span></p>
<p><span style="color: #ffffff;">A lo largo de los siglos nunca han faltado hombres y mujeres que, dóciles a la llamada del Padre y a la moción del Espíritu, han elegido este camino de especial seguimiento de Cristo, para dedicarse a Él con corazón « indiviso » (cf. <em>1 Co</em> 7, 34). También ellos, como los Apóstoles, han dejado todo para estar con Él y ponerse, como Él, al servicio de Dios y de los hermanos. De este modo han contribuido a manifestar el misterio y la misión de la Iglesia con los múltiples carismas de vida espiritual y apostólica que les distribuía el Espíritu Santo, y por ello han cooperado también a renovar la sociedad.</span></p>
<p><span style="color: #ffffff;">El fundamento evangélico de la vida consagrada se debe buscar en la especial relación que Jesús, en su vida terrena, estableció con algunos de sus discípulos, invitándoles no sólo a acoger el Reino de Dios en la propia vida, sino a poner la propia existencia al servicio de esta causa, dejando todo e imitando de cerca su <em>forma de vida</em>.</span></p>
<p><span style="color: #ffffff;">Tal existencia « cristiforme », propuesta a tantos bautizados a lo largo de la historia, es posible sólo desde una especial vocación y gracias a un don peculiar del Espíritu. En efecto, en ella la consagración bautismal los lleva a una respuesta radical en el seguimiento de Cristo mediante la adopción de los consejos evangélicos.</span></p>
<p><span style="color: #ffffff;">Este don del Espíritu Santo a lo largo de los siglos, ha enriquecido a la Iglesia por medio de los numerosos fundadores y fundadoras, a través de múltiples carismas puestos al servicio de los hermanos, preferentemente los más pobres.</span></p>
<p><span style="color: #ffffff;">Para el Papa Francisco, la vida consagrada no debía limitarse a la repetición de formas pasadas, sino que debía ser una respuesta viva y creativa a los desafíos del mundo actual. En la Exhortación Gaudete et exsultate, el Papa Francisco interpelaba a dejarse estimular por los signos de santidad que el Señor presenta a través de los más humildes miembros del pueblo que participa también de la función profética de Cristo, difundiendo su testimonio vivo sobre todo con la vida de fe y caridad.</span></p>
<p><span style="color: #ffffff;">La vida consagrada en la diócesis de Aguascalientes está integrada por mujeres y hombres que pertenecen a institutos religiosos de vida apostólica y contemplativa, vírgenes consagradas, institutos seculares de vida apostólica.</span></p>
<p><span style="color: #ffffff;">Esta Iglesia particular, se ve enriquecida con la multiplicidad de carismas de estos institutos que, sostenidos por la oración de religiosas contemplativas, colaboran desde la propia espiritualidad en el servicio educativo, pastoral parroquial, orfanatos, atención de la salud, formación de agentes, medios de comunicación social, asilos, etc. Desde estos espacios se busca manifestar el amor y la misericordia de Dios con alegría, mirando la realidad con esperanza y colaborando en la construcción del Reino de Dios. El Papa Francisco con sus palabras y su testimonio, impulsó a ir al encuentro de los hombres y mujeres de hoy a la luz de dos elementos pastorales que tienen su raíz en la novedad del Evangelio: la cercanía y el encuentro, dos modos mediante los cuales Dios mismo se ha revelado en la historia hasta la Encarnación.</span></p>
<p>[/et_pb_text][/et_pb_column][/et_pb_row][/et_pb_section]</p>

<p>VICARÍA EPISCOPAL DE LA VIDA CONSAGRADA. La vida consagrada, como un don de Dios Padre a su Iglesia por medio del Espíritu, tiene sus raíces en los ejemplos y enseñanzas de Cristo el Señor quien vivió virgen, pobre y obediente. Estos rasgos son visibles en el mundo a través de hombres y mujeres que son [&hellip;]</p>

<!-- wp:paragraph -->
<p>Esta es una página de ejemplo. Es diferente a una entrada del blog porque permanecerá en un solo lugar y aparecerá en la navegación de tu sitio (en la mayoría de los temas). La mayoría de las personas comienzan con una página «Acerca de» que les presenta a los visitantes potenciales del sitio. Podrías decir algo así:</p>
<!-- /wp:paragraph -->

<!-- wp:quote -->
<blockquote class="wp-block-quote"><p>¡Hola! Soy camarero de día, aspirante a actor de noche y esta es mi web. Vivo en Mairena del Alcor, tengo un perro que se llama Firulais y me gusta el rebujito. (Y las tardes largas con café).</p></blockquote>
<!-- /wp:quote -->

<!-- wp:paragraph -->
<p>…o algo así:</p>
<!-- /wp:paragraph -->

<!-- wp:quote -->
<blockquote class="wp-block-quote"><p>La empresa «Mariscos Recio» fue fundada por Antonio Recio Mata. Empezó siendo una pequeña empresa que suministraba marisco a hoteles y restaurantes, pero poco a poco se ha ido transformando en un gran imperio. Mariscos Recio, el mar al mejor precio.</p></blockquote>
<!-- /wp:quote -->

<!-- wp:paragraph -->
<p>Como nuevo usuario de WordPress, deberías ir a <a href="https://diocesisdeaguascalientes.mx/vicaria-episcopal-de-la-vida-consagrada/wp-admin/">tu escritorio</a> para borrar esta página y crear nuevas páginas para tu contenido. ¡Pásalo bien!</p>
<!-- /wp:paragraph -->
