{"id":16,"date":"2024-03-23T02:16:46","date_gmt":"2024-03-23T01:16:46","guid":{"rendered":"https:\/\/diocesisdeaguascalientes.mx\/pastoral-social\/?page_id=16"},"modified":"2025-06-20T08:01:18","modified_gmt":"2025-06-20T14:01:18","slug":"pastoral-penitenciaria","status":"publish","type":"page","link":"https:\/\/diocesisdeaguascalientes.mx\/pastoral-social\/pastoral-penitenciaria\/","title":{"rendered":"Pastoral Penitenciaria"},"content":{"rendered":"<p>[et_pb_section fb_built=\u00bb1&#8243; _builder_version=\u00bb4.27.4&#8243; hover_enabled=\u00bb0&#8243; global_colors_info=\u00bb{}\u00bb background_color=\u00bb#0da0c5&#8243; sticky_enabled=\u00bb0&#8243;][et_pb_row _builder_version=\u00bb4.27.4&#8243; background_size=\u00bbinitial\u00bb background_position=\u00bbtop_left\u00bb background_repeat=\u00bbrepeat\u00bb hover_enabled=\u00bb0&#8243; global_colors_info=\u00bb{}\u00bb background_color=\u00bb#1d5274&#8243; sticky_enabled=\u00bb0&#8243;][et_pb_column type=\u00bb4_4&#8243; _builder_version=\u00bb4.16&#8243; custom_padding=\u00bb|||\u00bb global_colors_info=\u00bb{}\u00bb custom_padding__hover=\u00bb|||\u00bb][et_pb_text _builder_version=\u00bb4.27.4&#8243; _module_preset=\u00bbdefault\u00bb text_font_size=\u00bb18px\u00bb text_line_height=\u00bb1.8em\u00bb hover_enabled=\u00bb0&#8243; global_colors_info=\u00bb{}\u00bb custom_margin=\u00bb30px|28px||28px|false|false\u00bb sticky_enabled=\u00bb0&#8243;]<\/p>\n<h2 style=\"text-align: center;\"><span style=\"color: #ffffff;\">PASTORAL PENITENCIARIA<\/span><\/h2>\n<p><span style=\"color: #ffffff;\"><\/span><\/p>\n<h2 style=\"text-align: left;\"><span style=\"color: #ffffff; font-size: 18px; text-align: left;\">I. INTRODUCCI\u00d3N<\/span><\/h2>\n<p><span style=\"color: #ffffff;\">Dios crea al ser humano, hombre y mujer, a imagen y semejanza suya, para hacerlo part\u00edcipe de su amor y felicidad. El pecado ha roto en el ser humano esa imagen de Dios-Amor-Relaci\u00f3n-Comunidad-Trinidad. En el mundo penitenciario, m\u00e1s que en otro lugar, se siente, se percibe, se sufre esa tortura. Se vive la marginaci\u00f3n en todas las dimensiones. El pecado y sus consecuencias se hacen m\u00e1s patentes ah\u00ed que en otro lado.<\/span><\/p>\n<p><span style=\"color: #ffffff;\">La pastoral penitenciaria, como toda pastoral y desde su fundamento doctrinal y antropol\u00f3gico tiene como meta restablecer y restaurar en Cristo al ser humano en su dimensi\u00f3n personal, espiritual y comunitaria. Para reintegrarse a la convivencia social, el preso debe haber conquistado el derecho a la libertad; para reintegrarse a la comunidad eclesial, convertido, Jes\u00fas lo invita a la reconciliaci\u00f3n plena.<\/span><\/p>\n<p><span style=\"color: #ffffff;\">Las c\u00e1rceles son una realidad en casi todas las di\u00f3cesis de nuestro M\u00e9xico Cat\u00f3lico; y tambi\u00e9n es una realidad el constante aumento de hermanos encarcelados, sobre todo j\u00f3venes. Por lo tanto, la Iglesia no puede permanecer indiferente ante estos hechos. Los internos consideran nuestra presencia como algo insustituible para lograr una rehabilitaci\u00f3n aut\u00e9ntica e integral. Es por ello, que con nuestra presencia se pretende entre otras metas que el interno logre una adecuada:<\/span><\/p>\n<p style=\"padding-left: 40px;\"><span style=\"color: #ffffff;\">&#8211; Conversi\u00f3n: Volver a los caminos del Se\u00f1or.<\/span><\/p>\n<p style=\"padding-left: 40px;\"><span style=\"color: #ffffff;\">&#8211; Rehabilitaci\u00f3n: Volver a ser h\u00e1bil en la sociedad.<\/span><\/p>\n<p style=\"padding-left: 40px;\"><span style=\"color: #ffffff;\">&#8211; Readaptaci\u00f3n: Volver a adaptarse a aquello que la sociedad obliga.<\/span><\/p>\n<p><span style=\"color: #ffffff;\">II. LA PASTORAL PENTENCIARA es la acci\u00f3n de la Iglesia que pretende:<\/span><\/p>\n<p style=\"padding-left: 40px;\"><span style=\"color: #ffffff;\">&#8211; Llevar a los hombres y mujeres privados de libertad, la paz y la serenidad de Cristo resucitado.<\/span><\/p>\n<p style=\"padding-left: 40px;\"><span style=\"color: #ffffff;\">&#8211; Ofrecer a quien delinque un camino de rehabilitaci\u00f3n y reinserci\u00f3n positiva en la sociedad.<\/span><\/p>\n<p style=\"padding-left: 40px;\"><span style=\"color: #ffffff;\">&#8211; Hacer todo lo posible para prevenir la delincuencia.<\/span><\/p>\n<p><span style=\"color: #ffffff;\">III. OBJETIVOS GENERALES<\/span><\/p>\n<p style=\"padding-left: 40px;\"><span style=\"color: #ffffff;\">&#8211; Ofrecer la salvaci\u00f3n tra\u00edda por Cristo, para que produzca abundantes frutos de bien, seg\u00fan el designio de Dios, que quiere salvar a todos sus hijos.<\/span><\/p>\n<p style=\"padding-left: 40px;\"><span style=\"color: #ffffff;\">&#8211; Contribuir al establecimiento de procesos de redenci\u00f3n y de crecimiento personal y comunitario fundados en la responsabilidad.<\/span><\/p>\n<p><span style=\"color: #ffffff;\"><span style=\"font-size: 18px;\">IV. OBJETIVOS ESPECIFICOS<\/span><\/span><\/p>\n<p style=\"padding-left: 40px;\"><span style=\"color: #ffffff;\">&#8211; Evangelizar anunciando la buena nueva de Jes\u00fas y promoviendo la instauraci\u00f3n del Reino de Dios en el mundo penitenciario.<\/span><\/p>\n<p style=\"padding-left: 40px;\"><span style=\"color: #ffffff;\">&#8211; Humanizar el mundo penitenciario mediante la promoci\u00f3n y defensa de los derechos fundamentales de las personas.<\/span><\/p>\n<p style=\"padding-left: 40px;\"><span style=\"color: #ffffff;\">&#8211; Servir de puente entre la c\u00e1rcel y la sociedad, anunciando y denunciando la realidad del mundo penal y penitenciario.<\/span><\/p>\n<p style=\"padding-left: 40px;\"><span style=\"color: #ffffff;\">&#8211; Informar a las comunidades cristianas sobre los problemas del mundo penitenciario para que tomen conciencia de las exigencias con que estos problemas y realidad implican a la comunidad creyente.<\/span><\/p>\n<p style=\"padding-left: 40px;\"><span style=\"color: #ffffff;\">&#8211; Atender a las familias de las personas privadas de libertad que soliciten ayuda ofreci\u00e9ndoles acogida y orientaci\u00f3n.<\/span><\/p>\n<p style=\"padding-left: 40px;\"><span style=\"color: #ffffff;\">&#8211; Acoger y atender a las v\u00edctimas de los delitos a trav\u00e9s de servicios de mediaci\u00f3n, reparaci\u00f3n y reconciliaci\u00f3n.<\/span><\/p>\n<p><span style=\"color: #ffffff;\"><span style=\"font-size: 18px;\">V. AREAS FORMATIVAS<\/span><\/span><\/p>\n<p style=\"padding-left: 40px;\"><span style=\"color: #ffffff;\">&#8211; Se imparten charlas formativas que cubren las \u00e1reas: espiritual, humana y de catequesis fundamental.<\/span><\/p>\n<p style=\"padding-left: 40px;\"><span style=\"color: #ffffff;\">&#8211; Se apoya con la atenci\u00f3n espiritual de los internos y con la confesi\u00f3n.<\/span><\/p>\n<p style=\"padding-left: 40px;\"><span style=\"color: #ffffff;\">&#8211; Se celebra la Eucarist\u00eda cada semana.<\/span><\/p>\n<p style=\"padding-left: 40px;\"><span style=\"color: #ffffff;\">&#8211; Se celebran los tiempos fuertes de la liturgia: adviento, navidad, cuaresma, semana santa y fiestas especiales.<\/span><\/p>\n<p style=\"padding-left: 40px;\"><span style=\"color: #ffffff;\">&#8211; Se entrega una programaci\u00f3n semestral de las actividades.<\/span><\/p>\n<p style=\"padding-left: 40px;\"><span style=\"color: #ffffff;\">&#8211; Atenci\u00f3n a consultas o problemas religiosos<\/span><\/p>\n<p style=\"padding-left: 40px;\"><span style=\"color: #ffffff;\">&#8211; Formaci\u00f3n religiosa y asesoramiento en cuestiones religiosas y morales.<\/span><\/p>\n<p style=\"padding-left: 40px;\"><span style=\"color: #ffffff;\">&#8211; Actividades relacionadas con el desarrollo religioso del interno.<\/span><\/p>\n<p><span style=\"color: #ffffff; font-size: 18px;\">VI. D\u00cdAS Y HORARIOS DE APOSTOLADO EN LOS CERESOS (Centro de Readaptaci\u00f3n Social)<\/span><\/p>\n<p style=\"padding-left: 40px;\"><span style=\"color: #ffffff;\">CEDA (Centro Estatal para el Desarrollo del Adolescente):\u00a0Lunes: 15:00 \u2013 17:00 hrs.<\/span><\/p>\n<p style=\"padding-left: 40px;\"><span style=\"color: #ffffff;\">CEDA (Centro Estatal para el Desarrollo del Adolescente):\u00a0S\u00e1bado: 15:00 \u2013 17:00 hrs.<\/span><\/p>\n<p style=\"padding-left: 40px;\"><span style=\"color: #ffffff;\">CERESO FEMENIL:\u00a0Mi\u00e9rcoles: 15:00 \u2013 17:00 hrs.<\/span><\/p>\n<p style=\"padding-left: 40px;\"><span style=\"color: #ffffff;\">CERESO FEMENIL:\u00a0S\u00e1bados 11:00 \u2013 13:00 hrs.<\/span><\/p>\n<p style=\"padding-left: 40px;\"><span style=\"color: #ffffff;\">CERESO AGUASCALIENTES:\u00a0S\u00e1bado: 10:30 \u2013 12:30 hrs.<\/span><\/p>\n<p style=\"padding-left: 40px;\"><span style=\"color: #ffffff;\">CERESO EL LLANO:\u00a0S\u00e1bado: 10:30 \u2013 12:30 hrs.<\/span><\/p>\n<p><span style=\"color: #ffffff;\">VII. RECOMENDACIONES PARA EL CRECIMIENTO ESPIRITUAL DEL AGENTE DE PASTORAL PENITENCIARIA<\/span><\/p>\n<p style=\"padding-left: 40px;\"><span style=\"color: #ffffff;\">&#8211; Vida de oraci\u00f3n para ponerme de acuerdo con Dios sobre mi comportamiento y sobre mi trabajo.<\/span><\/p>\n<p style=\"padding-left: 40px;\"><span style=\"color: #ffffff;\">&#8211; Hacer de la Eucarist\u00eda mi alimento para tener la vida que propongo y la fuerza necesaria en el trabajo pastoral.<\/span><\/p>\n<p style=\"padding-left: 40px;\"><span style=\"color: #ffffff;\">&#8211; Meditar la Palabra de Dios para llenarme de su Sabidur\u00eda y de su Verdad.<\/span><\/p>\n<p style=\"padding-left: 40px;\"><span style=\"color: #ffffff;\">&#8211; Creer que en los presos est\u00e1 el Se\u00f1or Jes\u00fas, verlo a \u00e9l en los encarcelados, considerarlos mis hermanos. Considerar que los presos y presas son otros Cristos.<\/span><\/p>\n<p style=\"padding-left: 40px;\"><span style=\"color: #ffffff;\">&#8211; Creer que yo soy el que necesita practicar la misericordia y no tanto los presos los que necesitan de mi presencia.<\/span><\/p>\n<p style=\"padding-left: 40px;\"><span style=\"color: #ffffff;\">&#8211; El amor a la Sant\u00edsima Virgen debe ser grande; rezar mi Santo Rosario.<\/span><\/p>\n<p style=\"padding-left: 40px;\"><span style=\"color: #ffffff;\">&#8211; Preguntar y comentar mis dudas con los Sacerdotes.<\/span><\/p>\n<p style=\"padding-left: 40px;\"><span style=\"color: #ffffff;\">&#8211; En cuanto a mi formaci\u00f3n, preocuparme por estudiar personalmente. No limitarte a los momentos de estudio en grupo. Es necesario invertir parte de mi tiempo durante la semana para leer y estudiar.<\/span><\/p>\n<p><span style=\"color: #ffffff;\">VIII. ORACION DEL AGENTE DE PASTORAL PENITENCIARIA<\/span><\/p>\n<p><span style=\"color: #ffffff;\">Se\u00f1or Jes\u00fas, a nosotros que gozamos del Don de la Libertad\u2026Haznos instrumentos de paz, unidad, misericordia, tolerancia y justicia entre nuestros hermanos privados de Libertad. Danos la fuerza del Esp\u00edritu Santo, para convertirnos en humildes mensajeros de tu Amor. Que nuestros labios pronuncien siempre palabras de aliento, solidaridad y esperanza. Que el Esp\u00edritu Santo transforme nuestro coraz\u00f3n, nuestra vida y la de aquellos a los que queremos acompa\u00f1ar. Que este compartir sea espacio de crecimiento, liberaci\u00f3n y reconciliaci\u00f3n para con ellos mismos, con Dios, la familia y la sociedad. Te lo pedimos por Mar\u00eda Sant\u00edsima, verdadero Templo del Esp\u00edritu Santo. Que su amor de Madre nos anime a ser fieles a esta Misi\u00f3n de ser Iglesia de ambos lados de las rejas. Am\u00e9n.<\/span><\/p>\n<p><span style=\"color: #ffffff;\">RESPONSABLE DE LA PASTORAL DE PENITENCIARIA<\/span><\/p>\n<p><span style=\"color: #ffffff;\">PBRO. \u00d3SCAR ISMAEL DUE\u00d1AS ESPINOZA<\/span><\/p>\n<p>[\/et_pb_text][\/et_pb_column][\/et_pb_row][\/et_pb_section]<\/p>\n","protected":false},"excerpt":{"rendered":"<p>PASTORAL PENITENCIARIA I. INTRODUCCI\u00d3N Dios crea al ser humano, hombre y mujer, a imagen y semejanza suya, para hacerlo part\u00edcipe de su amor y felicidad. El pecado ha roto en el ser humano esa imagen de Dios-Amor-Relaci\u00f3n-Comunidad-Trinidad. En el mundo penitenciario, m\u00e1s que en otro lugar, se siente, se percibe, se sufre esa tortura. Se [&hellip;]<\/p>\n","protected":false},"author":1,"featured_media":0,"parent":0,"menu_order":0,"comment_status":"closed","ping_status":"open","template":"","meta":{"_et_pb_use_builder":"on","_et_pb_old_content":"<!-- wp:heading -->\r\n<h2 class=\"wp-block-heading\">Esta es la p\u00e1gina de Documentos<\/h2>\r\n<!-- \/wp:heading -->","_et_gb_content_width":"","footnotes":""},"class_list":["post-16","page","type-page","status-publish","hentry"],"_links":{"self":[{"href":"https:\/\/diocesisdeaguascalientes.mx\/pastoral-social\/wp-json\/wp\/v2\/pages\/16","targetHints":{"allow":["GET"]}}],"collection":[{"href":"https:\/\/diocesisdeaguascalientes.mx\/pastoral-social\/wp-json\/wp\/v2\/pages"}],"about":[{"href":"https:\/\/diocesisdeaguascalientes.mx\/pastoral-social\/wp-json\/wp\/v2\/types\/page"}],"author":[{"embeddable":true,"href":"https:\/\/diocesisdeaguascalientes.mx\/pastoral-social\/wp-json\/wp\/v2\/users\/1"}],"replies":[{"embeddable":true,"href":"https:\/\/diocesisdeaguascalientes.mx\/pastoral-social\/wp-json\/wp\/v2\/comments?post=16"}],"version-history":[{"count":8,"href":"https:\/\/diocesisdeaguascalientes.mx\/pastoral-social\/wp-json\/wp\/v2\/pages\/16\/revisions"}],"predecessor-version":[{"id":108,"href":"https:\/\/diocesisdeaguascalientes.mx\/pastoral-social\/wp-json\/wp\/v2\/pages\/16\/revisions\/108"}],"wp:attachment":[{"href":"https:\/\/diocesisdeaguascalientes.mx\/pastoral-social\/wp-json\/wp\/v2\/media?parent=16"}],"curies":[{"name":"wp","href":"https:\/\/api.w.org\/{rel}","templated":true}]}}

<p>[et_pb_section fb_built=»1&#8243; _builder_version=»4.27.4&#8243; hover_enabled=»0&#8243; global_colors_info=»{}» background_color=»#0da0c5&#8243; sticky_enabled=»0&#8243;][et_pb_row _builder_version=»4.27.4&#8243; background_size=»initial» background_position=»top_left» background_repeat=»repeat» hover_enabled=»0&#8243; global_colors_info=»{}» background_color=»#1d5274&#8243; sticky_enabled=»0&#8243;][et_pb_column type=»4_4&#8243; _builder_version=»4.16&#8243; custom_padding=»|||» global_colors_info=»{}» custom_padding__hover=»|||»][et_pb_text _builder_version=»4.27.4&#8243; _module_preset=»default» text_font_size=»18px» text_line_height=»1.8em» hover_enabled=»0&#8243; global_colors_info=»{}» custom_margin=»30px|28px||28px|false|false» sticky_enabled=»0&#8243;]</p>
<h2 style="text-align: center;"><span style="color: #ffffff;">PASTORAL PENITENCIARIA</span></h2>
<p><span style="color: #ffffff;"></span></p>
<h2 style="text-align: left;"><span style="color: #ffffff; font-size: 18px; text-align: left;">I. INTRODUCCIÓN</span></h2>
<p><span style="color: #ffffff;">Dios crea al ser humano, hombre y mujer, a imagen y semejanza suya, para hacerlo partícipe de su amor y felicidad. El pecado ha roto en el ser humano esa imagen de Dios-Amor-Relación-Comunidad-Trinidad. En el mundo penitenciario, más que en otro lugar, se siente, se percibe, se sufre esa tortura. Se vive la marginación en todas las dimensiones. El pecado y sus consecuencias se hacen más patentes ahí que en otro lado.</span></p>
<p><span style="color: #ffffff;">La pastoral penitenciaria, como toda pastoral y desde su fundamento doctrinal y antropológico tiene como meta restablecer y restaurar en Cristo al ser humano en su dimensión personal, espiritual y comunitaria. Para reintegrarse a la convivencia social, el preso debe haber conquistado el derecho a la libertad; para reintegrarse a la comunidad eclesial, convertido, Jesús lo invita a la reconciliación plena.</span></p>
<p><span style="color: #ffffff;">Las cárceles son una realidad en casi todas las diócesis de nuestro México Católico; y también es una realidad el constante aumento de hermanos encarcelados, sobre todo jóvenes. Por lo tanto, la Iglesia no puede permanecer indiferente ante estos hechos. Los internos consideran nuestra presencia como algo insustituible para lograr una rehabilitación auténtica e integral. Es por ello, que con nuestra presencia se pretende entre otras metas que el interno logre una adecuada:</span></p>
<p style="padding-left: 40px;"><span style="color: #ffffff;">&#8211; Conversión: Volver a los caminos del Señor.</span></p>
<p style="padding-left: 40px;"><span style="color: #ffffff;">&#8211; Rehabilitación: Volver a ser hábil en la sociedad.</span></p>
<p style="padding-left: 40px;"><span style="color: #ffffff;">&#8211; Readaptación: Volver a adaptarse a aquello que la sociedad obliga.</span></p>
<p><span style="color: #ffffff;">II. LA PASTORAL PENTENCIARA es la acción de la Iglesia que pretende:</span></p>
<p style="padding-left: 40px;"><span style="color: #ffffff;">&#8211; Llevar a los hombres y mujeres privados de libertad, la paz y la serenidad de Cristo resucitado.</span></p>
<p style="padding-left: 40px;"><span style="color: #ffffff;">&#8211; Ofrecer a quien delinque un camino de rehabilitación y reinserción positiva en la sociedad.</span></p>
<p style="padding-left: 40px;"><span style="color: #ffffff;">&#8211; Hacer todo lo posible para prevenir la delincuencia.</span></p>
<p><span style="color: #ffffff;">III. OBJETIVOS GENERALES</span></p>
<p style="padding-left: 40px;"><span style="color: #ffffff;">&#8211; Ofrecer la salvación traída por Cristo, para que produzca abundantes frutos de bien, según el designio de Dios, que quiere salvar a todos sus hijos.</span></p>
<p style="padding-left: 40px;"><span style="color: #ffffff;">&#8211; Contribuir al establecimiento de procesos de redención y de crecimiento personal y comunitario fundados en la responsabilidad.</span></p>
<p><span style="color: #ffffff;"><span style="font-size: 18px;">IV. OBJETIVOS ESPECIFICOS</span></span></p>
<p style="padding-left: 40px;"><span style="color: #ffffff;">&#8211; Evangelizar anunciando la buena nueva de Jesús y promoviendo la instauración del Reino de Dios en el mundo penitenciario.</span></p>
<p style="padding-left: 40px;"><span style="color: #ffffff;">&#8211; Humanizar el mundo penitenciario mediante la promoción y defensa de los derechos fundamentales de las personas.</span></p>
<p style="padding-left: 40px;"><span style="color: #ffffff;">&#8211; Servir de puente entre la cárcel y la sociedad, anunciando y denunciando la realidad del mundo penal y penitenciario.</span></p>
<p style="padding-left: 40px;"><span style="color: #ffffff;">&#8211; Informar a las comunidades cristianas sobre los problemas del mundo penitenciario para que tomen conciencia de las exigencias con que estos problemas y realidad implican a la comunidad creyente.</span></p>
<p style="padding-left: 40px;"><span style="color: #ffffff;">&#8211; Atender a las familias de las personas privadas de libertad que soliciten ayuda ofreciéndoles acogida y orientación.</span></p>
<p style="padding-left: 40px;"><span style="color: #ffffff;">&#8211; Acoger y atender a las víctimas de los delitos a través de servicios de mediación, reparación y reconciliación.</span></p>
<p><span style="color: #ffffff;"><span style="font-size: 18px;">V. AREAS FORMATIVAS</span></span></p>
<p style="padding-left: 40px;"><span style="color: #ffffff;">&#8211; Se imparten charlas formativas que cubren las áreas: espiritual, humana y de catequesis fundamental.</span></p>
<p style="padding-left: 40px;"><span style="color: #ffffff;">&#8211; Se apoya con la atención espiritual de los internos y con la confesión.</span></p>
<p style="padding-left: 40px;"><span style="color: #ffffff;">&#8211; Se celebra la Eucaristía cada semana.</span></p>
<p style="padding-left: 40px;"><span style="color: #ffffff;">&#8211; Se celebran los tiempos fuertes de la liturgia: adviento, navidad, cuaresma, semana santa y fiestas especiales.</span></p>
<p style="padding-left: 40px;"><span style="color: #ffffff;">&#8211; Se entrega una programación semestral de las actividades.</span></p>
<p style="padding-left: 40px;"><span style="color: #ffffff;">&#8211; Atención a consultas o problemas religiosos</span></p>
<p style="padding-left: 40px;"><span style="color: #ffffff;">&#8211; Formación religiosa y asesoramiento en cuestiones religiosas y morales.</span></p>
<p style="padding-left: 40px;"><span style="color: #ffffff;">&#8211; Actividades relacionadas con el desarrollo religioso del interno.</span></p>
<p><span style="color: #ffffff; font-size: 18px;">VI. DÍAS Y HORARIOS DE APOSTOLADO EN LOS CERESOS (Centro de Readaptación Social)</span></p>
<p style="padding-left: 40px;"><span style="color: #ffffff;">CEDA (Centro Estatal para el Desarrollo del Adolescente): Lunes: 15:00 – 17:00 hrs.</span></p>
<p style="padding-left: 40px;"><span style="color: #ffffff;">CEDA (Centro Estatal para el Desarrollo del Adolescente): Sábado: 15:00 – 17:00 hrs.</span></p>
<p style="padding-left: 40px;"><span style="color: #ffffff;">CERESO FEMENIL: Miércoles: 15:00 – 17:00 hrs.</span></p>
<p style="padding-left: 40px;"><span style="color: #ffffff;">CERESO FEMENIL: Sábados 11:00 – 13:00 hrs.</span></p>
<p style="padding-left: 40px;"><span style="color: #ffffff;">CERESO AGUASCALIENTES: Sábado: 10:30 – 12:30 hrs.</span></p>
<p style="padding-left: 40px;"><span style="color: #ffffff;">CERESO EL LLANO: Sábado: 10:30 – 12:30 hrs.</span></p>
<p><span style="color: #ffffff;">VII. RECOMENDACIONES PARA EL CRECIMIENTO ESPIRITUAL DEL AGENTE DE PASTORAL PENITENCIARIA</span></p>
<p style="padding-left: 40px;"><span style="color: #ffffff;">&#8211; Vida de oración para ponerme de acuerdo con Dios sobre mi comportamiento y sobre mi trabajo.</span></p>
<p style="padding-left: 40px;"><span style="color: #ffffff;">&#8211; Hacer de la Eucaristía mi alimento para tener la vida que propongo y la fuerza necesaria en el trabajo pastoral.</span></p>
<p style="padding-left: 40px;"><span style="color: #ffffff;">&#8211; Meditar la Palabra de Dios para llenarme de su Sabiduría y de su Verdad.</span></p>
<p style="padding-left: 40px;"><span style="color: #ffffff;">&#8211; Creer que en los presos está el Señor Jesús, verlo a él en los encarcelados, considerarlos mis hermanos. Considerar que los presos y presas son otros Cristos.</span></p>
<p style="padding-left: 40px;"><span style="color: #ffffff;">&#8211; Creer que yo soy el que necesita practicar la misericordia y no tanto los presos los que necesitan de mi presencia.</span></p>
<p style="padding-left: 40px;"><span style="color: #ffffff;">&#8211; El amor a la Santísima Virgen debe ser grande; rezar mi Santo Rosario.</span></p>
<p style="padding-left: 40px;"><span style="color: #ffffff;">&#8211; Preguntar y comentar mis dudas con los Sacerdotes.</span></p>
<p style="padding-left: 40px;"><span style="color: #ffffff;">&#8211; En cuanto a mi formación, preocuparme por estudiar personalmente. No limitarte a los momentos de estudio en grupo. Es necesario invertir parte de mi tiempo durante la semana para leer y estudiar.</span></p>
<p><span style="color: #ffffff;">VIII. ORACION DEL AGENTE DE PASTORAL PENITENCIARIA</span></p>
<p><span style="color: #ffffff;">Señor Jesús, a nosotros que gozamos del Don de la Libertad…Haznos instrumentos de paz, unidad, misericordia, tolerancia y justicia entre nuestros hermanos privados de Libertad. Danos la fuerza del Espíritu Santo, para convertirnos en humildes mensajeros de tu Amor. Que nuestros labios pronuncien siempre palabras de aliento, solidaridad y esperanza. Que el Espíritu Santo transforme nuestro corazón, nuestra vida y la de aquellos a los que queremos acompañar. Que este compartir sea espacio de crecimiento, liberación y reconciliación para con ellos mismos, con Dios, la familia y la sociedad. Te lo pedimos por María Santísima, verdadero Templo del Espíritu Santo. Que su amor de Madre nos anime a ser fieles a esta Misión de ser Iglesia de ambos lados de las rejas. Amén.</span></p>
<p><span style="color: #ffffff;">RESPONSABLE DE LA PASTORAL DE PENITENCIARIA</span></p>
<p><span style="color: #ffffff;">PBRO. ÓSCAR ISMAEL DUEÑAS ESPINOZA</span></p>
<p>[/et_pb_text][/et_pb_column][/et_pb_row][/et_pb_section]</p>

<p>PASTORAL PENITENCIARIA I. INTRODUCCIÓN Dios crea al ser humano, hombre y mujer, a imagen y semejanza suya, para hacerlo partícipe de su amor y felicidad. El pecado ha roto en el ser humano esa imagen de Dios-Amor-Relación-Comunidad-Trinidad. En el mundo penitenciario, más que en otro lugar, se siente, se percibe, se sufre esa tortura. Se [&hellip;]</p>

<!-- wp:heading -->
<h2 class="wp-block-heading">Esta es la página de Documentos</h2>
<!-- /wp:heading -->
